{"id":3519,"date":"2021-01-06T13:11:42","date_gmt":"2021-01-06T13:11:42","guid":{"rendered":"https:\/\/asa-sulingen.de\/?page_id=3519"},"modified":"2021-01-07T13:30:39","modified_gmt":"2021-01-07T13:30:39","slug":"together-eine-kooperation-der-asian-selfdefense-academy-und-alpha-sport-akademie","status":"publish","type":"page","link":"https:\/\/asa-sulingen.de\/?page_id=3519","title":{"rendered":"TOGETHER!"},"content":{"rendered":"\n<div class=\"wp-block-columns is-layout-flex wp-container-core-columns-is-layout-9d6595d7 wp-block-columns-is-layout-flex\">\n<div class=\"wp-block-column is-layout-flow wp-block-column-is-layout-flow\" style=\"flex-basis:100%\">\n<div class=\"wp-block-group\"><div class=\"wp-block-group__inner-container is-layout-flow wp-block-group-is-layout-flow\">\n<p><strong><span class=\"has-inline-color has-cyan-bluish-gray-color\">Eine Kooperation der asian selfdefense academy und Alpha Sport Akademie<\/span><\/strong><\/p>\n\n\n\n<p class=\"has-text-align-center\"> <img loading=\"lazy\" decoding=\"async\" width=\"500\" height=\"247\" class=\"wp-image-3612\" style=\"width: 500px;\" src=\"https:\/\/asa-sulingen.de\/wp-content\/uploads\/Together-Logo.png\" alt=\"\" srcset=\"https:\/\/asa-sulingen.de\/wp-content\/uploads\/Together-Logo.png 3498w, https:\/\/asa-sulingen.de\/wp-content\/uploads\/Together-Logo-300x148.png 300w, https:\/\/asa-sulingen.de\/wp-content\/uploads\/Together-Logo-1024x506.png 1024w, https:\/\/asa-sulingen.de\/wp-content\/uploads\/Together-Logo-768x380.png 768w, https:\/\/asa-sulingen.de\/wp-content\/uploads\/Together-Logo-1536x759.png 1536w, https:\/\/asa-sulingen.de\/wp-content\/uploads\/Together-Logo-2048x1012.png 2048w\" sizes=\"auto, (max-width: 500px) 100vw, 500px\" \/><\/p>\n<\/div><\/div>\n<\/div>\n<\/div>\n\n\n\n<p>Bei unserem Programm TOGETHER kommen wir im LIVE-TRAINING zusammen. Ihr k\u00f6nnt bequem von zuhause aus eure Mitsportler und Freunde wiedersehen, gemeinsam mit uns an folgenden Tagen trainieren und Spa\u00df haben:<\/p>\n\n\n\n<p><strong><span class=\"has-inline-color has-vivid-purple-color\">Trainingszeiten f\u00fcr alle Altersklassen:<\/span><\/strong><\/p>\n\n\n\n<p><strong>Montag<\/strong>: 17:30  + 18:20 Uhr  &#8211;  <em>Beide Einheiten k\u00f6nnen von allen Sportlern genutzt werden<\/em><\/p>\n\n\n\n<p><strong>Dienstag<\/strong>: 19:00 Uhr  &#8211;  Qigong\/ Tai Chi Flow<\/p>\n\n\n\n<p><strong>Mittwoch<\/strong>: 17:30 Uhr <em>Kung Fu &amp; Tae Kwon Do<\/em> + 18:20 Uhr <em>Thai-Boxing<\/em><\/p>\n\n\n\n<p><strong>Freitag<\/strong>: 17:30 + 18:20 Uhr  &#8211;  <em>Beide Einheiten k\u00f6nnen von allen Sportlern genutzt werden.<\/em><\/p>\n\n\n\n<p><span class=\"has-inline-color has-vivid-cyan-blue-color\"><strong> Auch ein Probetraining kann in diesem Rahmen vereinbart werden<\/strong><\/span><strong><span class=\"has-inline-color has-vivid-cyan-blue-color\">!<\/span><\/strong><\/p>\n\n\n\n<p><strong><span class=\"has-inline-color has-vivid-purple-color\">Was brauche ich daf\u00fcr?<\/span><\/strong><\/p>\n\n\n\n<p><strong>Ein ruhiges Zimmer<\/strong>: Um die Atmosph\u00e4re des Dojos zu \u00fcbertragen, bitten wir euch eure Sportkleidung anzulegen und mit Freude und H\u00f6flichkeit zu erscheinen. Eine Gymnastikmatte (Handtuch\/ Decke, Teppich)  f\u00fcr Boden\u00fcbungen sind eine gute Erg\u00e4nzung. Gelegentlich werden wir Hilfsmittel einsetzen. Dazu mehr im Training!<\/p>\n\n\n\n<p><strong>Laptop oder Tablet<\/strong>: zur \u00dcbertragung des Trainings per Internet.<\/p>\n\n\n\n<p><strong>Zoom Meeting Nummer<\/strong>: diese wird von uns rechtzeitig ver\u00f6ffentlicht. Es ist eurer Ticket zum Training. Also am Trainingstag bitte sp\u00e4testens ab 15:00 Uhr auf das Handy schauen und den WhatsApp-Status pr\u00fcfen. Es ist <strong>keine Registrierung f\u00fcr Zoom<\/strong> notwendig! Wie das funktioniert, wird hier im Youtube-Video erkl\u00e4rt:<\/p>\n\n\n\n<div class=\"wp-block-columns is-layout-flex wp-container-core-columns-is-layout-9d6595d7 wp-block-columns-is-layout-flex\">\n<div class=\"wp-block-column is-layout-flow wp-block-column-is-layout-flow\" style=\"flex-basis:100%\">\n<figure class=\"wp-block-embed is-type-video is-provider-youtube wp-block-embed-youtube wp-embed-aspect-16-9 wp-has-aspect-ratio\"><div class=\"wp-block-embed__wrapper\">\n<iframe loading=\"lazy\" title=\"An einem Zoom-Meeting teilnehmen\" width=\"640\" height=\"360\" src=\"https:\/\/www.youtube.com\/embed\/HzgovNT-waA?feature=oembed\" frameborder=\"0\" allow=\"accelerometer; autoplay; clipboard-write; encrypted-media; gyroscope; picture-in-picture; web-share\" referrerpolicy=\"strict-origin-when-cross-origin\" allowfullscreen><\/iframe>\n<\/div><figcaption><br><strong><span class=\"has-inline-color has-vivid-purple-color\">Variante a<\/span>) <\/strong>ihr k\u00f6nnt den <span class=\"has-inline-color has-vivid-purple-color\">Einladungslink <\/span>auch direkt in eurem <span class=\"has-inline-color has-vivid-purple-color\">Browser <\/span>eingeben. Von dort aus kann die Kennung (das Ticket) direkt eingegeben werden. <br><strong><span class=\"has-inline-color has-pale-cyan-blue-color\">Variante b) <\/span><\/strong><span class=\"has-inline-color has-black-color\">in der <\/span><strong><span class=\"has-inline-color has-pale-cyan-blue-color\">App <\/span><\/strong>(keine Registrierung notwendig) kann die <span class=\"has-inline-color has-pale-cyan-blue-color\">Kennung <\/span><span class=\"has-inline-color has-black-color\">direkt <\/span>eingegeben werden<\/figcaption><\/figure>\n\n\n\n<p><span class=\"has-inline-color has-cyan-bluish-gray-color\">Tip: bei der \u00dcbertragung euer Mikrofon (Voume Out) stumm und die Lautst\u00e4rke, die bei euch ankommt (Volume In) auf volles Volumen einstellen. So k\u00f6nnt ihr alles gut h\u00f6ren ohne Nebenger\u00e4usche. Wenn ihr w\u00e4hrend des Trainings eine Frage habt, k\u00f6nnt ihr euer Mikro kurz anstellen.<\/span><\/p>\n<\/div>\n<\/div>\n\n\n\n<p>Um Missbrauch vorzeubeugen, behalten wir uns vor nur Mitglieder der asian selfdefense academy (bzw. Alpha Sport Akademie) am Unterricht teilnehmen zu lassen. (Wenn euer Geschwisterkind oder Eltern im gleichen Raum mitturnen ist das in dieser verr\u00fcckten Zeit kein Problem!) <strong>Bei<\/strong> <strong>ehrlichem Interesse f\u00fcr ein Probetraining, einfach unter der Rufnummer 0160-1580014 f\u00fcr asian selfdefense academy telefonisch oder per WhatsApp\/ SMS  anmelden oder an info@asa-sulingen.de mailen!<\/strong><\/p>\n\n\n\n<p><strong>F\u00fcr eine pers\u00f6nliche Betreuung und Weiterbildung empfehlen wir euch erg\u00e4nzend das <span class=\"has-inline-color has-vivid-cyan-blue-color\"><a href=\"https:\/\/asa-sulingen.de\/?page_id=3561\">SOLO CLASS<\/a><\/span> &#8211; Programm. <\/strong><span class=\"has-inline-color has-vivid-cyan-blue-color\"><\/span><\/p>\n\n\n\n<p>Wir freuen uns auf die Kooperation der Schulen und gemeinsame Trainingsfreu(n)de!<\/p>\n\n\n\n<p>Sportliche Gr\u00fc\u00dfe<\/p>\n\n\n\n<p> <img loading=\"lazy\" decoding=\"async\" width=\"600\" height=\"169\" class=\"wp-image-3554\" style=\"width: 600px;\" src=\"https:\/\/asa-sulingen.de\/wp-content\/uploads\/Together-Logo2-2.png\" alt=\"\" srcset=\"https:\/\/asa-sulingen.de\/wp-content\/uploads\/Together-Logo2-2.png 3176w, https:\/\/asa-sulingen.de\/wp-content\/uploads\/Together-Logo2-2-300x85.png 300w, https:\/\/asa-sulingen.de\/wp-content\/uploads\/Together-Logo2-2-1024x289.png 1024w, https:\/\/asa-sulingen.de\/wp-content\/uploads\/Together-Logo2-2-768x216.png 768w, https:\/\/asa-sulingen.de\/wp-content\/uploads\/Together-Logo2-2-1536x433.png 1536w, https:\/\/asa-sulingen.de\/wp-content\/uploads\/Together-Logo2-2-2048x577.png 2048w\" sizes=\"auto, (max-width: 600px) 100vw, 600px\" \/><\/p>\n\n\n\n<p><span class=\"has-inline-color has-cyan-bluish-gray-color\"><strong>Achtung<\/strong>: f\u00fcr Kinder mit Konzentrationsschwierigkeiten oder bei schlechter Internetverbindung ist die 1:1 Betreuung im SOLO CLASS &#8211; Programm vorzuziehen!<\/span><\/p>\n\n\n\n<div class=\"wp-block-themeisle-blocks-advanced-columns has-1-columns has-desktop-equal-layout has-tablet-equal-layout has-mobile-equal-layout has-default-gap has-vertical-unset\" id=\"wp-block-themeisle-blocks-advanced-columns-b5111612\"><div class=\"wp-block-themeisle-blocks-advanced-columns-overlay\"><\/div><div class=\"innerblocks-wrap\">\n<div class=\"wp-block-themeisle-blocks-advanced-column\" id=\"wp-block-themeisle-blocks-advanced-column-8c7dfc5e\"><\/div>\n<\/div><\/div>\n","protected":false},"excerpt":{"rendered":"<p>Eine Kooperation der asian selfdefense academy und Alpha Sport Akademie Bei unserem Programm TOGETHER kommen wir im LIVE-TRAINING zusammen. Ihr k\u00f6nnt bequem von zuhause aus eure Mitsportler und Freunde wiedersehen, gemeinsam mit uns an folgenden Tagen trainieren und Spa\u00df haben: Trainingszeiten f\u00fcr alle Altersklassen: Montag: 17:30 + 18:20 Uhr &#8211; Beide Einheiten k\u00f6nnen von allen <a href=\"https:\/\/asa-sulingen.de\/?page_id=3519\" rel=\"nofollow\"><span class=\"sr-only\">Read more about TOGETHER!<\/span>[&hellip;]<\/a><\/p>\n","protected":false},"author":2,"featured_media":0,"parent":0,"menu_order":0,"comment_status":"closed","ping_status":"closed","template":"","meta":{"_themeisle_gutenberg_block_has_review":false,"footnotes":""},"class_list":["post-3519","page","type-page","status-publish","hentry"],"_links":{"self":[{"href":"https:\/\/asa-sulingen.de\/index.php?rest_route=\/wp\/v2\/pages\/3519","targetHints":{"allow":["GET"]}}],"collection":[{"href":"https:\/\/asa-sulingen.de\/index.php?rest_route=\/wp\/v2\/pages"}],"about":[{"href":"https:\/\/asa-sulingen.de\/index.php?rest_route=\/wp\/v2\/types\/page"}],"author":[{"embeddable":true,"href":"https:\/\/asa-sulingen.de\/index.php?rest_route=\/wp\/v2\/users\/2"}],"replies":[{"embeddable":true,"href":"https:\/\/asa-sulingen.de\/index.php?rest_route=%2Fwp%2Fv2%2Fcomments&post=3519"}],"version-history":[{"count":35,"href":"https:\/\/asa-sulingen.de\/index.php?rest_route=\/wp\/v2\/pages\/3519\/revisions"}],"predecessor-version":[{"id":3625,"href":"https:\/\/asa-sulingen.de\/index.php?rest_route=\/wp\/v2\/pages\/3519\/revisions\/3625"}],"wp:attachment":[{"href":"https:\/\/asa-sulingen.de\/index.php?rest_route=%2Fwp%2Fv2%2Fmedia&parent=3519"}],"curies":[{"name":"wp","href":"https:\/\/api.w.org\/{rel}","templated":true}]}}